{"id":2,"date":"2023-04-26T13:25:07","date_gmt":"2023-04-26T11:25:07","guid":{"rendered":"https:\/\/www.xn--radonmtningarbetsplatser-vbc.se\/?page_id=2"},"modified":"2024-11-05T09:10:30","modified_gmt":"2024-11-05T08:10:30","slug":"radonmatningarbetsplatser","status":"publish","type":"page","link":"https:\/\/www.xn--radonmtningarbetsplatser-vbc.se\/","title":{"rendered":"Radonm\u00e4tning arbetsplatser"},"content":{"rendered":"\n<p>Arbetsgivare b\u00e4r ansvaret att vara medveten om och utf\u00f6ra radonm\u00e4tning p\u00e5 arbetsplatser. M\u00e4tningen ska genomf\u00f6ras under minst tv\u00e5 m\u00e5nader under eldningss\u00e4songen, som str\u00e4cker sig fr\u00e5n 1 oktober till 30 april. Om radonhalterna \u00e4r h\u00f6gre \u00e4n referensniv\u00e5n, m\u00e5ste arbetsgivaren vidta l\u00e4mpliga \u00e5tg\u00e4rder f\u00f6r att minska halterna. <\/p>\n\n\n\n<h2 class=\"wp-block-heading\">Radonm\u00e4tning arbetsplatser<\/h2>\n\n\n\n<p>Man kan enkelt genomf\u00f6ra en radonm\u00e4tning p\u00e5 arbetsplatser p\u00e5 egen hand genom att f\u00f6lja Str\u00e5ls\u00e4kerhetsmyndighetens metodbeskrivning. Det \u00e4r viktigt att anv\u00e4nda den uppdaterade metodbeskrivningen fr\u00e5n den 1 oktober 2021 f\u00f6r att f\u00e5 noggranna m\u00e4tresultat. Den nya metodbeskrivningen ers\u00e4tter den tidigare fr\u00e5n 2004 och \u00e4r utformad f\u00f6r att f\u00f6rb\u00e4ttra m\u00f6jligheterna att best\u00e4mma radonhalten p\u00e5 arbetsplatser.<br><br>Radonm\u00e4tningen sker i tv\u00e5 steg. Det f\u00f6rsta steget \u00e4r en orienterande m\u00e4tning, d\u00e4r man anv\u00e4nder en sp\u00e5rfilm under minst 60 dagar f\u00f6r att m\u00e4ta radonhalten. Om den orienterande m\u00e4tningen visar att radonhalten \u00f6verstiger de g\u00e4llande gr\u00e4ns- eller riktv\u00e4rdena b\u00f6r man genomf\u00f6ra en uppf\u00f6ljande m\u00e4tning i form av en korttidsm\u00e4tning efter \u00e5tg\u00e4rd. Det \u00e4r viktigt att genomf\u00f6ra m\u00e4tningen n\u00e4r arbete p\u00e5g\u00e5r. Att begr\u00e4nsa&nbsp;m\u00e4ngden&nbsp;radon&nbsp;p\u00e5 arbetsplatsen \u00e4r en&nbsp;viktig&nbsp;och obligatorisk del av det lagstadgade arbetsmilj\u00f6arbetet.<\/p>\n\n\n\n<div class=\"wp-block-columns is-layout-flex wp-container-core-columns-is-layout-9d6595d7 wp-block-columns-is-layout-flex\">\n<div class=\"wp-block-column is-layout-flow wp-block-column-is-layout-flow\">\n<h2 class=\"wp-block-heading\">\u00c5tg\u00e4rder vid f\u00f6rh\u00f6jd radonhalt<\/h2>\n\n\n\n<p>Om en <a href=\"https:\/\/radonm\u00e4tning.se\" target=\"_blank\" rel=\"noreferrer noopener\">radonm\u00e4tning<\/a> p\u00e5 arbetsplatsen visar en h\u00f6gre niv\u00e5 \u00e4n referensv\u00e4rdet, m\u00e5ste det vidtas \u00e5tg\u00e4rder. Efter att \u00e5tg\u00e4rderna har genomf\u00f6rts, b\u00f6r en ny kontrollm\u00e4tning utf\u00f6ras f\u00f6r att s\u00e4kerst\u00e4lla att radonniv\u00e5erna har minskat under gr\u00e4nsv\u00e4rdet. <br><\/p>\n\n\n\n<p>Om radonhalten fortfarande \u00f6verstiger 200 Bq\/m\u00b3 trots genomf\u00f6rda \u00e5tg\u00e4rder, ska det rapporteras till Str\u00e5ls\u00e4kerhetsmyndigheten. Arbetsmilj\u00f6verket \u00e4r ansvarig f\u00f6r tillsyn av radonexponering p\u00e5 arbetsplatser, tills arbetsgivaren vidtar \u00e5tg\u00e4rder f\u00f6r att begr\u00e4nsa exponeringen.<\/p>\n<\/div>\n\n\n\n<div class=\"wp-block-column is-layout-flow wp-block-column-is-layout-flow\">\n<figure class=\"wp-block-image size-large\"><img loading=\"lazy\" decoding=\"async\" width=\"683\" height=\"1024\" src=\"https:\/\/www.xn--radonmtningarbetsplatser-vbc.se\/wp-content\/uploads\/2023\/05\/radon-pa-arbetsplats-683x1024.jpg\" alt=\"\u00c5tg\u00e4rd radon arbetsplats\" class=\"wp-image-40\" srcset=\"https:\/\/www.xn--radonmtningarbetsplatser-vbc.se\/wp-content\/uploads\/2023\/05\/radon-pa-arbetsplats-683x1024.jpg 683w, https:\/\/www.xn--radonmtningarbetsplatser-vbc.se\/wp-content\/uploads\/2023\/05\/radon-pa-arbetsplats-200x300.jpg 200w, https:\/\/www.xn--radonmtningarbetsplatser-vbc.se\/wp-content\/uploads\/2023\/05\/radon-pa-arbetsplats-768x1152.jpg 768w, https:\/\/www.xn--radonmtningarbetsplatser-vbc.se\/wp-content\/uploads\/2023\/05\/radon-pa-arbetsplats-1024x1536.jpg 1024w, https:\/\/www.xn--radonmtningarbetsplatser-vbc.se\/wp-content\/uploads\/2023\/05\/radon-pa-arbetsplats-1365x2048.jpg 1365w, https:\/\/www.xn--radonmtningarbetsplatser-vbc.se\/wp-content\/uploads\/2023\/05\/radon-pa-arbetsplats-scaled.jpg 1707w\" sizes=\"auto, (max-width: 683px) 100vw, 683px\" \/><\/figure>\n<\/div>\n<\/div>\n\n\n\n<h2 class=\"wp-block-heading\">Om radon<\/h2>\n\n\n\n<p>Radon \u00e4r en radioaktiv gas som bildas naturligt n\u00e4r radium bryts ner. Den \u00e4r varken synlig eller har n\u00e5gon lukt. Radon \u00e4r allm\u00e4nt f\u00f6rekommande i berggrunden och l\u00e5ngvarig exponering f\u00f6r h\u00f6ga halter av gasen \u00f6kar risken f\u00f6r lungcancer, vilket g\u00f6r den till den n\u00e4st vanligaste orsaken till lungcancer efter r\u00f6kning. Str\u00e5ls\u00e4kerhetsmyndigheten uppskattar att ungef\u00e4r 500 personer i Sverige drabbas av lungcancer p\u00e5 grund av radon varje \u00e5r. Du kan inte uppt\u00e4cka radon utan att m\u00e4ta.<\/p>\n\n\n\n<p>Radon finns naturligt i marken \u00f6ver hela Sverige. Den vanligaste k\u00e4llan till radon i bost\u00e4der, byggnader och lokaler \u00e4r marken. Radon kan ocks\u00e5 f\u00f6rekomma i vissa byggmaterial, s\u00e5som bl\u00e5betong. I byggnader kan radon komma fr\u00e5n en eller flera av f\u00f6ljande tre k\u00e4llor:<\/p>\n\n\n\n<ol class=\"wp-block-list\">\n<li>Marken under och\/eller runt huset<\/li>\n\n\n\n<li>Byggmaterial<\/li>\n\n\n\n<li>Vatten f\u00f6r hush\u00e5llsbruk<\/li>\n<\/ol>\n\n\n\n<h2 class=\"wp-block-heading\">Sammanfattning<\/h2>\n\n\n\n<h4 class=\"wp-block-heading\">Arbetsgivarens ansvar:<\/h4>\n\n\n\n<ul class=\"wp-block-list\">\n<li>Att m\u00e4ta radon p\u00e5 arbetsplatsen.<\/li>\n\n\n\n<li>Att vidta \u00e5tg\u00e4rder om radonhalten \u00f6verstiger 200 Bq\/m\u00b3.<\/li>\n<\/ul>\n\n\n\n<h4 class=\"wp-block-heading\">M\u00e4tning:<\/h4>\n\n\n\n<ul class=\"wp-block-list\">\n<li>Utf\u00f6rs under minst tv\u00e5 m\u00e5nader under eldningss\u00e4songen (1 okt &#8211; 30 april).<\/li>\n\n\n\n<li>Anv\u00e4nd Str\u00e5ls\u00e4kerhetsmyndighetens metodbeskrivning (fr\u00e5n 2021).<\/li>\n\n\n\n<li>Tv\u00e5 steg: orienterande m\u00e4tning (60 dagar) och uppf\u00f6ljande m\u00e4tning (korttidsm\u00e4tning).<\/li>\n<\/ul>\n\n\n\n<h4 class=\"wp-block-heading\">\u00c5tg\u00e4rder vid f\u00f6rh\u00f6jd radonhalt:<\/h4>\n\n\n\n<ul class=\"wp-block-list\">\n<li>Arbetsgivaren m\u00e5ste vidta \u00e5tg\u00e4rder.<\/li>\n\n\n\n<li>Kontrollm\u00e4tning efter \u00e5tg\u00e4rder.<\/li>\n\n\n\n<li>Rapportera till Str\u00e5ls\u00e4kerhetsmyndigheten om &gt; 200 Bq\/m\u00b3 trots \u00e5tg\u00e4rder.<\/li>\n<\/ul>\n\n\n\n<h4 class=\"wp-block-heading\">Tillsyn:<\/h4>\n\n\n\n<ul class=\"wp-block-list\">\n<li>Arbetsmilj\u00f6verket ansvarar f\u00f6r tillsyn.<\/li>\n<\/ul>\n\n\n\n<h4 class=\"wp-block-heading\">Kom ih\u00e5g:<\/h4>\n\n\n\n<ul class=\"wp-block-list\">\n<li>Radon kan orsaka lungcancer.<\/li>\n\n\n\n<li>Att m\u00e4ta radon \u00e4r enkelt och billigt.<\/li>\n\n\n\n<li>Det \u00e4r b\u00e4ttre att vara f\u00f6rsiktig \u00e4n att riskera din h\u00e4lsa.<\/li>\n<\/ul>\n","protected":false},"excerpt":{"rendered":"<p>Arbetsgivare b\u00e4r ansvaret att vara medveten om och utf\u00f6ra radonm\u00e4tning p\u00e5 arbetsplatser. M\u00e4tningen ska genomf\u00f6ras under minst tv\u00e5 m\u00e5nader under<\/p>\n<p><a href=\"https:\/\/www.xn--radonmtningarbetsplatser-vbc.se\/\" class=\"more-link\">Continue reading<span class=\"screen-reader-text\">Radonm\u00e4tning arbetsplatser<\/span><\/a><\/p>\n","protected":false},"author":1,"featured_media":0,"parent":0,"menu_order":0,"comment_status":"closed","ping_status":"closed","template":"","meta":{"footnotes":""},"class_list":["post-2","page","type-page","status-publish","hentry"],"yoast_head":"<!-- This site is optimized with the Yoast SEO plugin v27.3 - https:\/\/yoast.com\/product\/yoast-seo-wordpress\/ -->\n<title>Radonm\u00e4tning arbetsplatser - Radonm\u00e4tning arbetsplatser<\/title>\n<meta name=\"description\" content=\"Radonm\u00e4tning arbetsplatser: Arbetsgivare b\u00e4r ansvaret att vara medveten om och utf\u00f6ra radonm\u00e4tning p\u00e5 arbetsplatser.\" \/>\n<meta name=\"robots\" content=\"index, follow, max-snippet:-1, max-image-preview:large, max-video-preview:-1\" \/>\n<link rel=\"canonical\" href=\"https:\/\/www.xn--radonmtningarbetsplatser-vbc.se\/\" \/>\n<meta property=\"og:locale\" content=\"sv_SE\" \/>\n<meta property=\"og:type\" content=\"article\" \/>\n<meta property=\"og:title\" content=\"Radonm\u00e4tning arbetsplatser - Radonm\u00e4tning arbetsplatser\" \/>\n<meta property=\"og:description\" content=\"Radonm\u00e4tning arbetsplatser: Arbetsgivare b\u00e4r ansvaret att vara medveten om och utf\u00f6ra radonm\u00e4tning p\u00e5 arbetsplatser.\" \/>\n<meta property=\"og:url\" content=\"https:\/\/www.xn--radonmtningarbetsplatser-vbc.se\/\" \/>\n<meta property=\"og:site_name\" content=\"Radonm\u00e4tning arbetsplatser\" \/>\n<meta property=\"article:modified_time\" content=\"2024-11-05T08:10:30+00:00\" \/>\n<meta property=\"og:image\" content=\"https:\/\/www.xn--radonmtningarbetsplatser-vbc.se\/wp-content\/uploads\/2023\/05\/radon-pa-arbetsplats-scaled.jpg\" \/>\n\t<meta property=\"og:image:width\" content=\"1707\" \/>\n\t<meta property=\"og:image:height\" content=\"2560\" \/>\n\t<meta property=\"og:image:type\" content=\"image\/jpeg\" \/>\n<meta name=\"twitter:card\" content=\"summary_large_image\" \/>\n<meta name=\"twitter:label1\" content=\"Ber\u00e4knad l\u00e4stid\" \/>\n\t<meta name=\"twitter:data1\" content=\"3 minuter\" \/>\n<script type=\"application\/ld+json\" class=\"yoast-schema-graph\">{\"@context\":\"https:\\\/\\\/schema.org\",\"@graph\":[{\"@type\":\"WebPage\",\"@id\":\"https:\\\/\\\/www.xn--radonmtningarbetsplatser-vbc.se\\\/\",\"url\":\"https:\\\/\\\/www.xn--radonmtningarbetsplatser-vbc.se\\\/\",\"name\":\"Radonm\u00e4tning arbetsplatser - Radonm\u00e4tning arbetsplatser\",\"isPartOf\":{\"@id\":\"https:\\\/\\\/www.xn--radonmtningarbetsplatser-vbc.se\\\/#website\"},\"primaryImageOfPage\":{\"@id\":\"https:\\\/\\\/www.xn--radonmtningarbetsplatser-vbc.se\\\/#primaryimage\"},\"image\":{\"@id\":\"https:\\\/\\\/www.xn--radonmtningarbetsplatser-vbc.se\\\/#primaryimage\"},\"thumbnailUrl\":\"https:\\\/\\\/www.xn--radonmtningarbetsplatser-vbc.se\\\/wp-content\\\/uploads\\\/2023\\\/05\\\/radon-pa-arbetsplats-683x1024.jpg\",\"datePublished\":\"2023-04-26T11:25:07+00:00\",\"dateModified\":\"2024-11-05T08:10:30+00:00\",\"description\":\"Radonm\u00e4tning arbetsplatser: Arbetsgivare b\u00e4r ansvaret att vara medveten om och utf\u00f6ra radonm\u00e4tning p\u00e5 arbetsplatser.\",\"breadcrumb\":{\"@id\":\"https:\\\/\\\/www.xn--radonmtningarbetsplatser-vbc.se\\\/#breadcrumb\"},\"inLanguage\":\"sv-SE\",\"potentialAction\":[{\"@type\":\"ReadAction\",\"target\":[\"https:\\\/\\\/www.xn--radonmtningarbetsplatser-vbc.se\\\/\"]}]},{\"@type\":\"ImageObject\",\"inLanguage\":\"sv-SE\",\"@id\":\"https:\\\/\\\/www.xn--radonmtningarbetsplatser-vbc.se\\\/#primaryimage\",\"url\":\"https:\\\/\\\/www.xn--radonmtningarbetsplatser-vbc.se\\\/wp-content\\\/uploads\\\/2023\\\/05\\\/radon-pa-arbetsplats-scaled.jpg\",\"contentUrl\":\"https:\\\/\\\/www.xn--radonmtningarbetsplatser-vbc.se\\\/wp-content\\\/uploads\\\/2023\\\/05\\\/radon-pa-arbetsplats-scaled.jpg\",\"width\":1707,\"height\":2560},{\"@type\":\"BreadcrumbList\",\"@id\":\"https:\\\/\\\/www.xn--radonmtningarbetsplatser-vbc.se\\\/#breadcrumb\",\"itemListElement\":[{\"@type\":\"ListItem\",\"position\":1,\"name\":\"Hem\",\"item\":\"https:\\\/\\\/www.xn--radonmtningarbetsplatser-vbc.se\\\/\"},{\"@type\":\"ListItem\",\"position\":2,\"name\":\"Radonm\u00e4tning arbetsplatser\"}]},{\"@type\":\"WebSite\",\"@id\":\"https:\\\/\\\/www.xn--radonmtningarbetsplatser-vbc.se\\\/#website\",\"url\":\"https:\\\/\\\/www.xn--radonmtningarbetsplatser-vbc.se\\\/\",\"name\":\"Radonm\u00e4tning arbetsplatser\",\"description\":\"\",\"potentialAction\":[{\"@type\":\"SearchAction\",\"target\":{\"@type\":\"EntryPoint\",\"urlTemplate\":\"https:\\\/\\\/www.xn--radonmtningarbetsplatser-vbc.se\\\/?s={search_term_string}\"},\"query-input\":{\"@type\":\"PropertyValueSpecification\",\"valueRequired\":true,\"valueName\":\"search_term_string\"}}],\"inLanguage\":\"sv-SE\"}]}<\/script>\n<!-- \/ Yoast SEO plugin. -->","yoast_head_json":{"title":"Radonm\u00e4tning arbetsplatser - Radonm\u00e4tning arbetsplatser","description":"Radonm\u00e4tning arbetsplatser: Arbetsgivare b\u00e4r ansvaret att vara medveten om och utf\u00f6ra radonm\u00e4tning p\u00e5 arbetsplatser.","robots":{"index":"index","follow":"follow","max-snippet":"max-snippet:-1","max-image-preview":"max-image-preview:large","max-video-preview":"max-video-preview:-1"},"canonical":"https:\/\/www.xn--radonmtningarbetsplatser-vbc.se\/","og_locale":"sv_SE","og_type":"article","og_title":"Radonm\u00e4tning arbetsplatser - Radonm\u00e4tning arbetsplatser","og_description":"Radonm\u00e4tning arbetsplatser: Arbetsgivare b\u00e4r ansvaret att vara medveten om och utf\u00f6ra radonm\u00e4tning p\u00e5 arbetsplatser.","og_url":"https:\/\/www.xn--radonmtningarbetsplatser-vbc.se\/","og_site_name":"Radonm\u00e4tning arbetsplatser","article_modified_time":"2024-11-05T08:10:30+00:00","og_image":[{"width":1707,"height":2560,"url":"https:\/\/www.xn--radonmtningarbetsplatser-vbc.se\/wp-content\/uploads\/2023\/05\/radon-pa-arbetsplats-scaled.jpg","type":"image\/jpeg"}],"twitter_card":"summary_large_image","twitter_misc":{"Ber\u00e4knad l\u00e4stid":"3 minuter"},"schema":{"@context":"https:\/\/schema.org","@graph":[{"@type":"WebPage","@id":"https:\/\/www.xn--radonmtningarbetsplatser-vbc.se\/","url":"https:\/\/www.xn--radonmtningarbetsplatser-vbc.se\/","name":"Radonm\u00e4tning arbetsplatser - Radonm\u00e4tning arbetsplatser","isPartOf":{"@id":"https:\/\/www.xn--radonmtningarbetsplatser-vbc.se\/#website"},"primaryImageOfPage":{"@id":"https:\/\/www.xn--radonmtningarbetsplatser-vbc.se\/#primaryimage"},"image":{"@id":"https:\/\/www.xn--radonmtningarbetsplatser-vbc.se\/#primaryimage"},"thumbnailUrl":"https:\/\/www.xn--radonmtningarbetsplatser-vbc.se\/wp-content\/uploads\/2023\/05\/radon-pa-arbetsplats-683x1024.jpg","datePublished":"2023-04-26T11:25:07+00:00","dateModified":"2024-11-05T08:10:30+00:00","description":"Radonm\u00e4tning arbetsplatser: Arbetsgivare b\u00e4r ansvaret att vara medveten om och utf\u00f6ra radonm\u00e4tning p\u00e5 arbetsplatser.","breadcrumb":{"@id":"https:\/\/www.xn--radonmtningarbetsplatser-vbc.se\/#breadcrumb"},"inLanguage":"sv-SE","potentialAction":[{"@type":"ReadAction","target":["https:\/\/www.xn--radonmtningarbetsplatser-vbc.se\/"]}]},{"@type":"ImageObject","inLanguage":"sv-SE","@id":"https:\/\/www.xn--radonmtningarbetsplatser-vbc.se\/#primaryimage","url":"https:\/\/www.xn--radonmtningarbetsplatser-vbc.se\/wp-content\/uploads\/2023\/05\/radon-pa-arbetsplats-scaled.jpg","contentUrl":"https:\/\/www.xn--radonmtningarbetsplatser-vbc.se\/wp-content\/uploads\/2023\/05\/radon-pa-arbetsplats-scaled.jpg","width":1707,"height":2560},{"@type":"BreadcrumbList","@id":"https:\/\/www.xn--radonmtningarbetsplatser-vbc.se\/#breadcrumb","itemListElement":[{"@type":"ListItem","position":1,"name":"Hem","item":"https:\/\/www.xn--radonmtningarbetsplatser-vbc.se\/"},{"@type":"ListItem","position":2,"name":"Radonm\u00e4tning arbetsplatser"}]},{"@type":"WebSite","@id":"https:\/\/www.xn--radonmtningarbetsplatser-vbc.se\/#website","url":"https:\/\/www.xn--radonmtningarbetsplatser-vbc.se\/","name":"Radonm\u00e4tning arbetsplatser","description":"","potentialAction":[{"@type":"SearchAction","target":{"@type":"EntryPoint","urlTemplate":"https:\/\/www.xn--radonmtningarbetsplatser-vbc.se\/?s={search_term_string}"},"query-input":{"@type":"PropertyValueSpecification","valueRequired":true,"valueName":"search_term_string"}}],"inLanguage":"sv-SE"}]}},"jetpack_sharing_enabled":true,"_links":{"self":[{"href":"https:\/\/www.xn--radonmtningarbetsplatser-vbc.se\/index.php?rest_route=\/wp\/v2\/pages\/2","targetHints":{"allow":["GET"]}}],"collection":[{"href":"https:\/\/www.xn--radonmtningarbetsplatser-vbc.se\/index.php?rest_route=\/wp\/v2\/pages"}],"about":[{"href":"https:\/\/www.xn--radonmtningarbetsplatser-vbc.se\/index.php?rest_route=\/wp\/v2\/types\/page"}],"author":[{"embeddable":true,"href":"https:\/\/www.xn--radonmtningarbetsplatser-vbc.se\/index.php?rest_route=\/wp\/v2\/users\/1"}],"replies":[{"embeddable":true,"href":"https:\/\/www.xn--radonmtningarbetsplatser-vbc.se\/index.php?rest_route=%2Fwp%2Fv2%2Fcomments&post=2"}],"version-history":[{"count":17,"href":"https:\/\/www.xn--radonmtningarbetsplatser-vbc.se\/index.php?rest_route=\/wp\/v2\/pages\/2\/revisions"}],"predecessor-version":[{"id":70,"href":"https:\/\/www.xn--radonmtningarbetsplatser-vbc.se\/index.php?rest_route=\/wp\/v2\/pages\/2\/revisions\/70"}],"wp:attachment":[{"href":"https:\/\/www.xn--radonmtningarbetsplatser-vbc.se\/index.php?rest_route=%2Fwp%2Fv2%2Fmedia&parent=2"}],"curies":[{"name":"wp","href":"https:\/\/api.w.org\/{rel}","templated":true}]}}